{"id":68,"date":"2018-03-01T15:08:01","date_gmt":"2018-03-01T15:08:01","guid":{"rendered":"http:\/\/og-hupperath.de\/?page_id=68"},"modified":"2018-04-03T15:24:08","modified_gmt":"2018-04-03T14:24:08","slug":"trimmpfad","status":"publish","type":"page","link":"https:\/\/hupperath.de\/?page_id=68","title":{"rendered":"Trimmpfad"},"content":{"rendered":"<div id=\"c39\" class=\"csc-default\">\n<div class=\"csc-header csc-header-n1\"><span style=\"font-family: verdana; font-size: medium;\"><b>Trimmpfad &#8211; Vita Parcours<\/b><\/span><\/div>\n<div class=\"csc-textpic csc-textpic-center csc-textpic-above\">\n<div class=\"csc-textpic-imagewrap csc-textpic-single-image\"><\/div>\n<\/div>\n<div class=\"csc-textpic-clear\"><\/div>\n<\/div>\n<div id=\"c40\" class=\"csc-default\">\n<div class=\"csc-textpic csc-textpic-center csc-textpic-above\">\n<div class=\"csc-textpic-imagewrap\">\n<div class=\"csc-textpic-imagecolumn\">\n<p>Das Herrliche an diesem Pfad sind die super Laufuntergr\u00fcnde, die wundersch\u00f6ne Aussicht, die Abwechslung zwischen Wald und Weinberg, die gepflegten Ger\u00e4te sowie die M\u00f6glichkeit, H\u00f6henmeter zu machen.<br \/>\nEine kurze Laufrunde umspannt die <span class=\"vm-hook-outer vm-hook-default\"><span class=\"vm-hook\">vielseitigen<\/span><\/span> Fitness-Stationen. Wer die Strecke etwas ausdehen m\u00f6chte, w\u00e4hlt die \u00e4u\u00dfere Laufrunde und gelangt so auf den h\u00f6chsten Punkt des Weinbergs und wird mit einer wundersch\u00f6nen Aussicht auf Wittlich belohnt.<\/p>\n<\/div>\n<\/div>\n<\/div>\n<\/div>\n<div id=\"c41\" class=\"csc-default\"><\/div>\n","protected":false},"excerpt":{"rendered":"<p>Trimmpfad &#8211; Vita Parcours Das Herrliche an diesem Pfad sind die super Laufuntergr\u00fcnde, die wundersch\u00f6ne Aussicht, die Abwechslung zwischen Wald und Weinberg, die gepflegten Ger\u00e4te sowie die M\u00f6glichkeit, H\u00f6henmeter zu machen. Eine kurze Laufrunde umspannt die vielseitigen Fitness-Stationen. Wer die Strecke etwas ausdehen m\u00f6chte, w\u00e4hlt die \u00e4u\u00dfere Laufrunde und gelangt so auf den h\u00f6chsten Punkt &hellip; <\/p>\n<p class=\"link-more\"><a href=\"https:\/\/hupperath.de\/?page_id=68\" class=\"more-link\"><span class=\"screen-reader-text\">\u201eTrimmpfad\u201c <\/span>weiterlesen<\/a><\/p>\n","protected":false},"author":1,"featured_media":0,"parent":56,"menu_order":0,"comment_status":"closed","ping_status":"closed","template":"","meta":{"footnotes":""},"class_list":["post-68","page","type-page","status-publish","hentry"],"_links":{"self":[{"href":"https:\/\/hupperath.de\/index.php?rest_route=\/wp\/v2\/pages\/68","targetHints":{"allow":["GET"]}}],"collection":[{"href":"https:\/\/hupperath.de\/index.php?rest_route=\/wp\/v2\/pages"}],"about":[{"href":"https:\/\/hupperath.de\/index.php?rest_route=\/wp\/v2\/types\/page"}],"author":[{"embeddable":true,"href":"https:\/\/hupperath.de\/index.php?rest_route=\/wp\/v2\/users\/1"}],"replies":[{"embeddable":true,"href":"https:\/\/hupperath.de\/index.php?rest_route=%2Fwp%2Fv2%2Fcomments&post=68"}],"version-history":[{"count":4,"href":"https:\/\/hupperath.de\/index.php?rest_route=\/wp\/v2\/pages\/68\/revisions"}],"predecessor-version":[{"id":462,"href":"https:\/\/hupperath.de\/index.php?rest_route=\/wp\/v2\/pages\/68\/revisions\/462"}],"up":[{"embeddable":true,"href":"https:\/\/hupperath.de\/index.php?rest_route=\/wp\/v2\/pages\/56"}],"wp:attachment":[{"href":"https:\/\/hupperath.de\/index.php?rest_route=%2Fwp%2Fv2%2Fmedia&parent=68"}],"curies":[{"name":"wp","href":"https:\/\/api.w.org\/{rel}","templated":true}]}}